y 879.
811
Calculate the remainder when 2338 is divided by 32.
2
What is the remainder when 6232 is divided by 30?
22
What is the remainder when 474327 is divided by 31?
27
What is the remainder when 17133 is divided by 17003?
130
What is the remainder when 55565 is divided by 22?
15
Calculate the remainder when 28167 is divided by 13.
9
What is the remainder when 3722 is divided by 3707?
15
Calculate the remainder when 3420 is divided by 239.
74
Calculate the remainder when 9728 is divided by 191.
178
What is the remainder when 30730 is divided by 3414?
4
Calculate the remainder when 542482 is divided by 6382.
12
What is the remainder when 10611 is divided by 424?
11
What is the remainder when 1353 is divided by 1009?
344
What is the remainder when 3555 is divided by 206?
53
What is the remainder when 660993 is divided by 660987?
6
Calculate the remainder when 10656 is divided by 164.
160
Calculate the remainder when 9180 is divided by 343.
262
Calculate the remainder when 362809 is divided by 21.
13
Calculate the remainder when 25321 is divided by 564.
505
What is the remainder when 84419 is divided by 28137?
8
Calculate the remainder when 5269 is divided by 5109.
160
Calculate the remainder when 4470 is divided by 1113.
18
What is the remainder when 4778 is divided by 72?
26
Calculate the remainder when 21636 is divided by 1513.
454
Calculate the remainder when 73244 is divided by 686.
528
Calculate the remainder when 310510 is divided by 1706.
18
Calculate the remainder when 52916 is divided by 169.
19
Calculate the remainder when 385 is divided by 288.
97
What is the remainder when 92248 is divided by 45?
43
Calculate the remainder when 22478 is divided by 726.
698
What is the remainder when 227641 is divided by 507?
505
What is the remainder when 10874 is divided by 34?
28
What is the remainder when 67338 is divided by 42?
12
What is the remainder when 187 is divided by 35?
12
Calculate the remainder when 6005531 is divided by 307.
304
What is the remainder when 105407 is divided by 12?
11
What is the remainder when 62421 is divided by 1224?
1221
Calculate the remainder when 3417 is divided by 576.
537
What is the remainder when 52281 is divided by 5808?
9
Calculate the remainder when 3600 is divided by 21.
9
Calculate the remainder when 4481 is divided by 726.
125
What is the remainder when 1825811 is divided by 407?
9
Calculate the remainder when 896 is divided by 301.
294
Calculate the remainder when 7421 is divided by 275.
271
Calculate the remainder when 2741 is divided by 15.
11
Calculate the remainder when 115723 is divided by 75.
73
What is the remainder when 20383 is divided by 26?
25
What is the remainder when 4124 is divided by 3680?
444
What is the remainder when 31495 is divided by 8?
7
What is the remainder when 60025 is divided by 187?
185
Calculate the remainder when 2661 is divided by 2097.
564
What is the remainder when 561176 is divided by 9?
8
What is the remainder when 3491 is divided by 507?
449
What is the remainder when 12592 is divided by 4075?
367
Calculate the remainder when 300 is divided by 59.
5
Calculate the remainder when 184059 is divided by 2747.
10
Calculate the remainder when 145950 is divided by 72967.
16
What is the remainder when 1783 is divided by 503?
274
What is the remainder when 18290 is divided by 435?
20
What is the remainder when 4349 is divided by 4165?
184
What is the remainder when 6933 is divided by 714?
507
What is the remainder when 567010 is divided by 218?
210
Calculate the remainder when 49432 is divided by 19.
13
What is the remainder when 85995 is divided by 20?
15
Calculate the remainder when 107323 is divided by 1118.
1113
Calculate the remainder when 57189 is divided by 43.
42
What is the remainder when 89627 is divided by 29873?
8
Calculate the remainder when 10165 is divided by 1193.
621
Calculate the remainder when 414045 is divided by 227.
224
What is the remainder when 48668 is divided by 2558?
66
What is the remainder when 1256111 is divided by 792?
791
Calculate the remainder when 673 is divided by 342.
331
Calculate the remainder when 33239 is divided by 6645.
14
What is the remainder when 78942 is divided by 282?
264
What is the remainder when 1596126 is divided by 59?
58
What is the remainder when 5296 is divided by 661?
8
What is the remainder when 609867 is divided by 1091?
1089
Calculate the remainder when 37940 is divided by 127.
94
Calculate the remainder when 2852 is divided by 219.
5
What is the remainder when 4873 is divided by 4844?
29
Calculate the remainder when 4173 is divided by 467.
437
Calculate the remainder when 530683 is divided by 45.
43
Calculate the remainder when 118697 is divided by 29642.
129
What is the remainder when 200819 is divided by 29?
23
What is the remainder when 539234 is divided by 2418?
20
What is the remainder when 456 is divided by 431?
25
Calculate the remainder when 150416 is divided by 30076.
36
What is the remainder when 50495 is divided by 96?
95
Calculate the remainder when 4836 is divided by 1720.
1396
What is the remainder when 14217 is divided by 3552?
9
What is the remainder when 55507 is divided by 55498?
9
Calculate the remainder when 469 is divided by 136.
61
Calculate the remainder when 62822 is divided by 25.
22
What is the remainder when 622207 is divided by 215?
212
What is the remainder when 5911 is divided by 238?
199
Calculate the remainder when 700 is divided by 377.
323
What is the remainder when 4670 is divided by 854?
400
Calculate the remainder when 602038 is divided by 200679.
1
What is the remainder when 606 is divided by 292?
22
What is the remainder when 26119 is divided by 576?
199
What is the remainder when 831792 is divided by 277260?
12
What is the remainder when 3159 is divided by 607?
124
What is the remainder when 8432 is divided by 1403?
14
Calculate the remainder when 36438 is divided by 50.
38
What is the remainder when 21173 is divided by 783?
32
Calculate the remainder when 38208 is divided by 22.
16
What is the remainder when 53195 is divided by 57?
14
What is the remainder when 728 is divided by 244?
240
What is the remainder when 620303 is divided by 1502?
1479
Calculate the remainder when 14929 is divided by 464.
81
What is the remainder when 548733 is divided by 46?
45
Calculate the remainder when 3662 is divided by 242.
32
What is the remainder when 3727 is divided by 207?
1
Calculate the remainder when 3557 is divided by 1174.
35
Calculate the remainder when 570 is divided by 403.
167
Calculate the remainder when 73036 is divided by 5206.
152
Calculate the remainder when 20207 is divided by 4031.
52
Calculate the remainder when 39479 is divided by 13.
11
Calculate the remainder when 60188 is divided by 13.
11
Calculate the remainder when 7580 is divided by 1895.
0
What is the remainder when 7477 is divided by 68?
65
Calculate the remainder when 1975 is divided by 655.
10
Calculate the remainder when 287308 is divided by 143653.
2
What is the remainder when 416592 is divided by 7439?
8
Calculate the remainder when 27690 is divided by 67.
19
What is the remainder when 1011 is divided by 282?
165
Calculate the remainder when 4268 is divided by 48.
44
What is the remainder when 3807 is divided by 506?
265
Calculate the remainder when 3195 is divided by 1579.
37
What is the remainder when 199190 is divided by 105?
5
What is the remainder when 12887 is divided by 330?
17
What is the remainder when 133898 is divided by 37?
32
What is the remainder when 5281 is divided by 1317?
13
Calculate the remainder when 247116 is divided by 301.
296
What is the remainder when 13057 is divided by 428?
217
Calculate the remainder when 1023526 is divided by 105.
91
What is the remainder when 199269 is divided by 152?
149
What is the remainder when 6782 is divided by 257?
100
What is the remainder when 122543 is divided by 74?
73
Calculate the remainder when 31194 is divided by 520.
514
Calculate the remainder when 20173 is divided by 1820.
153
Calculate the remainder when 679294 is divided by 87.
85
Calculate the remainder when 50707 is divided by 483.
475
Calculate the remainder when 2623 is divided by 2617.
6
Calculate the remainder when 124503 is divided by 4292.
35
Calculate the remainder when 7